t of m?
8
Let q = -125 - -121. Let u(r) = -321*r - 173. What is the hundreds digit of u(q)?
1
Let s(p) = 28*p**3 - 4*p**2 + 2*p + 2. Let g be (-300)/(-15) + (-1*2)/(-1). Suppose -c = -5*n - g, -c - 6 + 12 = -n. What is the units digit of s(c)?
4
What is the tens digit of (-118532)/(-22) - (-246)/1353?
8
Suppose -t + 17 = l, 3*l - 5*t - 36 - 39 = 0. What is the tens digit of 352/(-6)*(-210)/l?
1
Let i = 2362 - -618. What is the tens digit of i?
8
Let q(w) = 1564*w**2 - 49*w + 294. What is the tens digit of q(5)?
4
Let i(a) = -a**3 + 13*a**2 + 8*a + 1. Let u be i(6). Suppose 0 = -6*v + 5*v + u. What is the tens digit of v?
0
Suppose -2*c = -4*v - 6752, 248*v = c + 249*v - 3361. What is the thousands digit of c?
3
Suppose -16324*d - 39644 = -16368*d. What is the units digit of d?
1
Let n = -288 + 280. What is the units digit of (6/2 + 79)*(n - -15)?
4
Let s(n) = 14*n**2 + 88*n - 30. Let c(u) = -5*u**2 - 29*u + 10. Let m(v) = -11*c(v) - 4*s(v). What is the hundreds digit of m(-27)?
1
Let p = 11780 - -823. What is the ten thousands digit of p?
1
Suppose 2*a = 4*q - 22, 4*a + 5*q = -a - 10. What is the tens digit of (29252/(-309))/(((-10)/(-12))/a)?
6
Let a(c) = c**3 - 34*c**2 + 35*c + 4. Let d be a(31). Let o = -200 - d. What is the tens digit of o?
9
Let k be (6/(-8))/1*-4. Let y(z) = 53*z**2 - 22*z + 53. What is the tens digit of y(k)?
6
Suppose -105 = 2*d + 15. Let y = 47 - d. What is the units digit of y?
7
Suppose -8*i = -57 + 897. Let g = 128 + i. Suppose -g*y + 25*y - 60 = 0. What is the tens digit of y?
3
Suppose 3*i - 8*i = -1315. Suppose -117 - 7 = n - 5*o, 0 = -2*n - 5*o - i. Let h = 13 - n. What is the tens digit of h?
4
Suppose h = -v + 52292, -157288 = -4*h + 5*v + 51853. What is the ten thousands digit of h?
5
Let w = -96 - -100. What is the tens digit of 157/w + 7/(-28)?
3
Suppose 38*w + 48*w - 107951 = 901087. What is the ten thousands digit of w?
1
Let v(o) = -5*o**2 + 6*o - 1. Let z be v(4). Let n be (-16)/(-4) + -7 - z. Suppose 0 = 4*t - 210 - n. What is the tens digit of t?
6
Let p = -29 + 116. Suppose -33*y - 53 = -218. Suppose -y*j - p + 377 = 0. What is the units digit of j?
8
Suppose -2*d = -v - 4019, 15*d = 18*d - 3*v - 6033. Suppose 27*g - 25*g = d. What is the tens digit of g?
0
Let d be (-19)/(190/(-6)) - 3724/(-10). Suppose 369*u + 4372 = d*u. What is the units digit of u?
3
Let x be -10*(-6)/18 + (-1)/3. Suppose 0 = x*f + 3*o - 27, 2*f + 2 = -2*o + 4*o. Suppose -195 = f*j - 7*j. What is the units digit of j?
5
Let p be (-6)/((-30)/1195) + -1. Let c = 37 - 147. Let l = p + c. What is the tens digit of l?
2
Let q = 3907 + 5429. What is the thousands digit of q?
9
Let u(x) = -2*x**3 + 20*x**2 + 13*x + 12. Let w(t) = 4*t**3 - 19*t**2 - 13*t - 10. Let f(z) = -3*u(z) - 2*w(z). What is the units digit of f(-12)?
8
Suppose 97*b - 115146 - 38696 = 0. What is the thousands digit of b?
1
Suppose -54*l + 7*l + 2239790 = 2*l. What is the tens digit of l?
1
Let m(g) = 77*g**2 + 21*g + 511. What is the units digit of m(-11)?
7
Let h(s) be the first derivative of -85*s**2/2 + 70*s - 65. What is the hundreds digit of h(-12)?
0
Let u(p) be the first derivative of 9/2*p**2 + 71*p - 21. What is the units digit of u(0)?
1
Let w(m) be the second derivative of m**3/3 + 23*m**2 + 3*m. Let u be w(-25). What is the units digit of 2/((-24)/465)*u?
5
Suppose -4*l - 12491 = -4*t - 7*l, -2*t - 3*l = -6253. What is the tens digit of t?
1
Suppose 123 = -4*w - 21. Let p be w/(-10) - (6/5)/(-3). What is the units digit of (-5)/p*(-8 + 0)?
0
Let z(g) = 10*g**2 - 3*g - 9. Suppose 3*m - 71 - 25 = -2*j, 3*j - m - 133 = 0. Let l be (54/j)/(-1 + 13/10). What is the tens digit of z(l)?
3
Suppose -4*r - 5 = -0*z - 5*z, -2*z + 2 = 0. Suppose -q + 7 - 4 = r. Suppose 222 = q*f - 57. What is the tens digit of f?
9
Let s(m) = -6*m**3 + 27*m**2 + 12*m - 113. What is the hundreds digit of s(-14)?
4
Let x = 73 + -10. Suppose -o - 3*n = -195, -2*n - 127 = -o + x. Let u = -102 + o. What is the units digit of u?
0
Suppose -4*y - 9 = q, 0*y - 15 = 4*y - q. Let c(l) = 23*l**2 - 2*l - 12. Let p be c(y). Suppose p + 87 = 4*r. What is the units digit of r?
2
Suppose -3*x + 4*m = 602, -5*x - 3*m - 836 = -x. Let i = x - -343. What is the hundreds digit of i?
1
Let w(c) = 529*c - 557. What is the ten thousands digit of w(20)?
1
Suppose 2*p - 5*j - 5907 = 0, 3*p - 14*j - 8851 = -16*j. What is the tens digit of p?
5
Suppose -86*o = -89*o + 96. What is the tens digit of (-8)/o - (-1122)/8?
4
Let x(q) = -4*q**3 + 7*q**2 - 20*q - 314. What is the hundreds digit of x(-14)?
3
What is the units digit of -343*(3/(-2))/(114/76)?
3
Suppose 7*u - 118 = 29. Suppose 0 = u*b - 91 - 35. What is the units digit of b?
6
What is the hundreds digit of ((-601824)/51)/(-4) + ((-6)/(-17))/(-3)?
9
Let n(g) = g**3 + 53*g**2 + 40*g + 140. What is the hundreds digit of n(-52)?
7
Let r(q) = q**2 - 11*q + 20. Let z be r(9). Let o be ((z + -1)*-4 - -3)*1. What is the hundreds digit of 62*2 + o + (3 - 2)?
1
Let v(t) = 448*t - 236. Let q be v(8). Suppose 14*n - 5*n = q. What is the tens digit of n?
7
Let t be 1212/132 - ((-35)/(-11) + -3). Suppose 0 = -t*k + 925 + 5078. What is the hundreds digit of k?
6
Suppose 0 = -i + 8*x - 6*x + 29478, -88437 = -3*i + 3*x. What is the thousands digit of i?
9
Let y(h) = 10096*h + 677. What is the units digit of y(7)?
9
Let d(y) be the first derivative of -y**3 + 5/2*y**2 + 1/2*y**4 + 6*y + 13. What is the units digit of d(3)?
8
Let g = -3082 + 4656. Suppose -36 = -5*f + g. What is the units digit of f?
2
Let d = -57 + 1197. Suppose -4*l = -4, 0 = -5*n - 0*n + 5*l + d. What is the hundreds digit of n?
2
Let s(r) = 3*r**2 - 17*r - 51. What is the hundreds digit of s(-13)?
6
Suppose 5*z + 2*g = -6, 4*z - 3*g = g - 16. What is the tens digit of (3/z)/(21/(-2282))?
6
Let c(w) = w + 43. Let u(b) = -7*b. Let l be u(3). Let f be c(l). Let h = f + -9. What is the tens digit of h?
1
Suppose 0 = 5*u + 5*f - 54855, 25*u - 5*f = 27*u - 21951. What is the hundreds digit of u?
9
What is the tens digit of (95220/(-70))/(14/(-49))?
6
Let b(g) = -147*g + 176. Let c(i) = 98*i - 117. Let h(o) = -5*b(o) - 7*c(o). What is the hundreds digit of h(7)?
2
Suppose a - 17 = -3*j, -4*a + a + 3*j = -3. Suppose u + 4*x = 4*u - 1946, 2*x + 3234 = a*u. What is the units digit of u?
6
Let x be ((392/(-20))/(-1))/((-8)/(-20)). Suppose 30*h + 627 = x*h. What is the tens digit of h?
3
Suppose s + 2*g = -2*g - 1, -5*s + 18 = -3*g. Suppose 0 = 2*d - 4*a + 212, -18 - 92 = d - s*a. Let c = 174 + d. What is the tens digit of c?
7
Let b be 1146/(-4)*(-576)/108. Let t = b - 844. What is the tens digit of t?
8
Suppose -2391 = 2*x - 23001. What is the tens digit of x?
0
Suppose 27369 = 26*f - 123981 - 5534. What is the hundreds digit of f?
0
Suppose 1394 = 10*z - 226. Suppose -29 = -2*l + 5*d, 0 = -l - 3*l + 5*d + 33. Suppose 4*f + 0*m - 634 = -m, -f = l*m - z. What is the tens digit of f?
5
Let z(q) = 449*q + 4065. What is the tens digit of z(22)?
4
Let b be (-1)/((-2611)/1302 - -2). What is the units digit of (44/8)/(3/b)?
1
Let b = -63050 - -102974. What is the ten thousands digit of b?
3
Suppose -1 + 62 = 4*g + 3*l, 13 = g + 3*l. Suppose -5379 = -5*u - g*h + 14*h, -5*u + 4*h + 5397 = 0. What is the units digit of u?
7
What is the hundreds digit of (699 - 707) + (-22112)/(-1)?
1
Let a = 186 + -189. What is the units digit of (-9)/a - 164/(-4)?
4
Let s(q) = -2*q**3 + 70*q**2 - 68*q - 53. Let a be s(34). What is the tens digit of (a - -3)/(4/(-22))?
7
Suppose -2*i - 4 - 2 = -2*h, 0 = -3*i + 3. Suppose 3*j = h*u, -4*j = -0*j. Suppose -g + 15 - 3 = u. What is the units digit of g?
2
Let r(y) = -26*y - 75. Let k be r(-3). Suppose 2*l + 2*x = 950, -2*l + 950 = -0*l + k*x. What is the units digit of l?
5
Let g = -1422 - -902. Let n = g + 933. What is the tens digit of n?
1
Let v be (-2 + -1 + 5*-203)*-1. Let k be v*(2/6 - 6/(-9)). What is the units digit of k/8 + 1/(-4)?
7
Let d(t) = 3*t**3 + t**2 + 20*t - 33. Suppose -1723 = 2*s - 1735. What is the units digit of d(s)?
1
Suppose -2*k + 160 = 4*x, -k + 42 = x - 0*k. Let b = x - 38. Suppose 2*w = 2*z - 96, -3*z + 5*w + 144 = -b*z. What is the tens digit of z?
4
Suppose -39 = -4*l - 31. Suppose -y = s, 6*y - 3*s = l*y + 28. What is the units digit of 82 - y/((-12)/(-3)